4*g - z*n + 48 = 0. Is 7 a factor of g?
False
Let m(h) = -h**2 - 8*h - 9. Let j be (4 + -5 + 3)*-3. Let f be m(j). Suppose 0 = -0*l - f*l + 96. Does 13 divide l?
False
Let t(d) be the first derivative of -3*d**4/4 - 2*d**3/3 + d - 4. Is 5 a factor of t(-2)?
False
Suppose -w + 260 = -5*w - 2*r, 5*w - 2*r + 334 = 0. Let j be 114/22 + 12/w. Suppose -7 = -4*z + j. Is 2 a factor of z?
False
Suppose 2*k - 92 = 5*n, k - 11 = -4*n + 22. Suppose -4*c + k = 4*f - 19, 43 = 5*c - 3*f. Is c a multiple of 11?
True
Let i = -11 + -8. Let m = 1 - i. Is m a multiple of 20?
True
Let h = 1 - 3. Is (3 + h + 14)*1 a multiple of 9?
False
Suppose r - 3*x = 48, -164 = 2*r - 7*r - 4*x. Does 10 divide r?
False
Suppose -5*n + 18 = -52. Suppose 0*c - 3*c = -4*h + n, 5*c + 8 = -h. Is h even?
True
Let d(t) = -20*t + 12 - 12. Let n be d(-1). Suppose n = o - 0*o. Is 10 a factor of o?
True
Let g = -50 - -71. Is g a multiple of 3?
True
Suppose -35 = -3*b + 19. Is b a multiple of 4?
False
Suppose n - 3 = 35. Suppose 2*p - 4*v - n = -2, 2*p - v - 30 = 0. Does 5 divide p?
False
Let h = 9 - 15. Let j(m) = -2*m + 8. Does 10 divide j(h)?
True
Let k(d) = 10*d**2 - 21*d - 1. Let j(l) = -7*l**2 + 14*l + 1. Let u(a) = 7*j(a) + 5*k(a). Let o be u(9). Let m = 10 + o. Does 17 divide m?
False
Let g(f) be the second derivative of -f**3/6 + 4*f**2 + 3*f. Let j be g(0). Suppose z = -3*z + j. Is z even?
True
Is (6/(-5))/((-2)/65) a multiple of 13?
True
Is 36/162 + 943/9 a multiple of 27?
False
Suppose 4*n - 288 = -4*s - s, -s - 5*n + 45 = 0. Does 15 divide s?
True
Suppose 0 = -5*b + 414 + 206. Suppose -4*u - 8 + b = 0. Is u a multiple of 5?
False
Suppose -2*q + 42 = -q. Let h be (q/(-8))/(2/8). Let m = 33 + h. Is m a multiple of 12?
True
Let k(f) = -6 + 12*f + 1 - 21*f. Does 19 divide k(-6)?
False
Let c(s) = s - 7. Let t be c(8). Let n(v) = v**2 - 5*v - 1. Let m be n(6). Let b = m - t. Is 2 a factor of b?
True
Let m = -25 - -80. Does 33 divide m?
False
Suppose 0 = 2*g + 4*s - 27 - 15, 5*g + 3*s = 70. Suppose -m = -2*m + g. Is 5 a factor of m?
False
Let o(g) = -g**3 + 5*g**2 - 3*g + 1. Let z be o(4). Suppose 3*b = -s - 2*b - 5, 3*s - z*b = 45. Is 5 a factor of s?
True
Suppose 0 = -x + 4*w - 2*w + 10, 4*w - 30 = -3*x. Let v = -7 + x. Let p = 13 + v. Is 9 a factor of p?
False
Let u(m) = 51*m - 6. Let i be u(-3). Is 5 a factor of 5/15 - i/9?
False
Suppose -4*f = -44 - 180. Suppose -5*y + y = -f. Does 7 divide y?
True
Let w(r) = -r**2 + 14*r - 7. Let y be w(9). Let o be (y/6)/(4/24). Suppose -3*m + 4 + o = 0. Is 6 a factor of m?
False
Is (-2)/(-2)*(-21)/(-3) a multiple of 7?
True
Let i = 2 - -46. Is i a multiple of 16?
True
Suppose 2*p - 24 = -4*n, -7 = p + 3*n - 21. Suppose p*r = 3*r + 10. Suppose 0 = r*v - 5*k + 9, -5*k - 7 = -4*v - 0. Does 7 divide v?
False
Let p(d) be the third derivative of -d**6/60 - d**5/30 - d**4/24 + d**3/3 + 2*d**2. Let i be p(-2). Suppose -g - i = -2*g. Is 6 a factor of g?
True
Let a(c) = 2*c**2 + 2*c + 2. Let o be (-5 + 3)/((-2)/3). Is a(o) a multiple of 18?
False
Let c = -9 - -13. Let p = 13 + -8. Suppose -2*z - c*h + 32 = 0, 22 = 2*z - p*h + 4*h. Is z a multiple of 5?
False
Let q(m) = -7*m + 6. Is q(-3) a multiple of 9?
True
Let u(d) = d**3 - 4*d**2 + 2*d - 1. Let i(x) = -x**2 + x. Let v(t) = 6*i(t) - u(t). Let h be v(3). Let w = h - -56. Is 12 a factor of w?
True
Suppose 79 - 13 = 6*r. Is r a multiple of 6?
False
Suppose -2*s - 53 = -5*h, 2*h + 3*s = s + 24. Is h a multiple of 5?
False
Let f(h) = 2*h + 44. Is f(0) a multiple of 11?
True
Suppose 6 = -0*l + 2*l. Suppose -l = n + 4*s, 0 = -4*n + 2*s + 7 + 71. Is 5 a factor of n?
False
Suppose 9*q = 7*q + 204. Is q a multiple of 18?
False
Let t be 8/(-20) + 204/10. Suppose -6*m = -4*m, 4*m = -x - 14. Let j = x + t. Does 3 divide j?
True
Let p be -1 + (6/3)/(-2). Let x be 1 - p - 0/2. Suppose -x*q + 132 = q. Does 11 divide q?
True
Let r be ((-1)/2)/(4/(-80)). Suppose -n + r = n. Suppose 3 = n*b - 2, 5*d = -3*b + 63. Is d a multiple of 6?
True
Suppose k - 25 = -4*k. Suppose 0 = 4*l - 4*v - v - 183, -k*v = 15. Is l a multiple of 14?
True
Let o = -1 + -3. Let k(x) = 4*x**2 - 6*x + 1. Let h be k(4). Let v = h + o. Is v a multiple of 14?
False
Let b(l) be the second derivative of -l**5/20 + l**4/4 + l**3/6 - l**2/2 - 2*l. Let h be b(3). Does 17 divide h + 0 - (-32)/1?
True
Suppose d - 2*d + 3 = -2*l, 27 = 5*d + 2*l. Suppose 30 = -d*n - 325. Let h = -37 - n. Is 12 a factor of h?
False
Let v be (0 - 2) + 4/4. Is 23 a factor of 66 - (v + -2)/1?
True
Let p(i) = 8*i - 48. Is 12 a factor of p(21)?
True
Let r(z) = -z - 4. Let k be r(-5). Let s(f) = 20*f**3 - f**2 + 4*f - 3. Let w(p) = -21*p**3 + p**2 - 5*p + 4. Let i(l) = 3*s(l) + 2*w(l). Does 7 divide i(k)?
False
Let k = 32 - 23. Is k a multiple of 9?
True
Suppose 3*f - 46 - 56 = 0. Let i = f - 24. Is i a multiple of 10?
True
Suppose -4*n = n - 125. Is 4 a factor of n?
False
Let r be 1/3 - (-40)/6. Suppose 25 = 3*p + r. Is p a multiple of 6?
True
Suppose -k - b + 111 = -2*b, -451 = -4*k - 3*b. Is 23 a factor of k?
False
Let f(h) = 8*h + 9. Let y be f(-6). Let o = y - -13. Let l = o + 43. Is l a multiple of 7?
False
Suppose 2*p + 3*p + 10 = 0. Let g = -1 - p. Does 14 divide 9 - -4 - -1*g?
True
Suppose -4*m + 18 = -2*m. Let l be (-2)/m - 272/(-9). Suppose -2*a + l = -0. Does 15 divide a?
True
Let t(o) = -o**3 - 6*o**2 + 6*o + 2. Let y be t(-5). Let d = y + 15. Let p = d - -74. Is p a multiple of 18?
True
Suppose -3*b - 4*k + 92 = 0, -2*b + 5*k = -0*b - 92. Is 3 a factor of b?
True
Suppose -9 = 3*n - 39. Does 3 divide n?
False
Suppose -4*w = -0*w + 28. Let g = w + 21. Is 7 a factor of g?
True
Suppose 7*i - 2*i = 25. Is i even?
False
Let j = 2 + 10. Suppose 0 = -2*q - 2 + j. Suppose q*v = 4*v + 23. Does 14 divide v?
False
Suppose -2*x - 150 = -4*x. Suppose -q + x = 4*q. Is 4 a factor of q?
False
Let q be 3/(-9)*6*-2. Suppose -m = -q*m + 6, -c - m = -101. Suppose 4*a - c = -d, 2*a = -5*d + 11 + 16. Is 13 a factor of a?
True
Let h(n) be the second derivative of 27*n**5/20 - n**2/2 - 3*n. Is 13 a factor of h(1)?
True
Let h be 2 + (2 - -25)/3. Let n = h - 7. Is (-1)/2 + 10/n even?
True
Let f = -9 - -1. Let j be (1 + -3)*(-16)/f. Let l = 19 + j. Is l a multiple of 15?
True
Let y be ((-76)/5)/((-1)/5). Let z = y - 16. Suppose 5*w = -5*x + z + 55, 25 = w + 3*x. Is w a multiple of 11?
True
Suppose 3*u = -0*u + 69. Let x = 54 - u. Is x a multiple of 8?
False
Is 13 a factor of 4/(-12) + (-628)/(-12)?
True
Let f(a) = 23*a - 11. Let n(q) = 15*q - 7. Let i(x) = -5*f(x) + 8*n(x). Is i(4) a multiple of 19?
True
Let r be 10*(6/4 + -2). Let y be 2/5 - (-227)/r. Is 202/18 + 10/y a multiple of 4?
False
Suppose -7 - 9 = -4*i. Suppose -i*q + 72 = -2*q - 2*g, 108 = 4*q + 5*g. Does 14 divide q?
False
Let w be (-1 + 4)*(-40)/(-15). Suppose -116 = 2*o - 3*o - 2*y, 4*o + 2*y = 440. Suppose -4*s + o = 4*c - w*s, 5*s = -5*c + 165. Is 14 a factor of c?
False
Let d(j) = -11*j - 4. Let u = -2 + -2. Let o be d(u). Let r = -24 + o. Is 14 a factor of r?
False
Suppose 3*x - 3*t + 365 = -x, 4*x = -3*t - 395. Let v = -67 - x. Does 8 divide v?
False
Suppose 5*g - 3*j + 17 - 7 = 0, 6 = -3*g + 5*j. Does 6 divide 6/(1 + g/6)?
False
Let h = -10 + 12. Suppose -q - 2 + 45 = 2*k, h*q - 14 = -k. Is k a multiple of 8?
True
Let b(l) = -2*l**2 - 5*l + 4. Let f be b(-4). Let h(g) = -2*g - 6 + 14 - 6 - 4. Is h(f) a multiple of 8?
False
Let i be (-24)/(-18) + (-4)/(-6). Suppose 0 = i*b - 9 - 13. Is 4 a factor of b?
False
Let i be (1 + -5 + -1)*-1. Suppose r - 2*f + i = 0, f - 20 + 4 = -4*r. Does 6 divide (r + -4 + 5)*3?
True
Let q be -254*(2 - -1)/(-6). Suppose 4*u = 4*b + 52, -q + 38 = -5*u - b. Let x = 24 - u. Does 7 divide x?
True
Suppose 10*y - 13*y + 42 = 0. Let k = y + -2. Does 7 divide k?
False
Let u = -1 - -93. Let b = -65 + u. Does 9 divide b?
True
Suppose 4*p + 2 = 110. Suppose 0 = o - 2*b - p, 2*o = 3*o + b - 42. Is 8 a factor of o?
False
Let a(s) = s**3 + 10*s**2 + 9*s + 9. Is a(-9) a multiple of 3?
True
Suppose w - 36 = -w. Does 2 divide w?
True
Let x be (-3519)/(-36) + 2/8. Let p = x - 66. Does 11 divide p?
False
Suppose -4*t - 4*p = -152, 3*t + 5*p = -0*t + 114. Is t a multiple of 8?
False
Suppose -52 = 5*c - 3*g - 218, 20 = c - 5*g. Let b = -10 + c. Is 7 a factor of b?
False
Let v = 11 - 21. Let f = -7 - v. Suppose -z 